{"id":90,"date":"2018-11-05T22:25:16","date_gmt":"2018-11-05T21:25:16","guid":{"rendered":"http:\/\/sylvainclement.fr\/newsite\/?page_id=90"},"modified":"2018-11-05T23:06:44","modified_gmt":"2018-11-05T22:06:44","slug":"photographie","status":"publish","type":"page","link":"https:\/\/sylvainclement.fr\/?page_id=90","title":{"rendered":"Photographie"},"content":{"rendered":"\n<p class=\"has-drop-cap\">Ma passion pour la photographie remonte \u00e0 l&rsquo;adolescence. Achat d&rsquo;un Pentax P30-T, d\u00e9veloppement N&amp;B dans ma chambre d&rsquo;ados, stage de perfectionnement BAFA en photographie qui a \u00e9t\u00e9 une semaine d&rsquo;exp\u00e9rience et de cr\u00e9ation photo sans limite 24h\/24.\u00a0<\/p>\n\n\n\n<p>Apr\u00e8s une longue tr\u00eave limit\u00e9e \u00e0 la photo familiale, le virus me reprend en 2008 avec un premier r\u00e9flex num\u00e9rique (Canon EOS 450D).\u00a0<br><\/p>\n\n\n\n<p>Mes sujets sont varient au fil du temps, de mes envies, de ma curiosit\u00e9 pour les aspects techniques. J&rsquo;ai eu ma p\u00e9riode \u00ab\u00a0studio\u00a0\u00bb avec un peu de travail sur la gestion des \u00e9clairages artificiels (flash), ma p\u00e9riode \u00ab\u00a0Musique live\u00a0\u00bb, ma p\u00e9riode \u00ab\u00a0Street photographie\u00a0\u00bb. Mes enfants grandissant, le temps est mang\u00e9 par leurs activit\u00e9s (transport etc&#8230;) ce qui m&rsquo;a amen\u00e9 \u00e0 faire beaucoup de photographie de Rink-Hockey dont certaines images ont \u00e9t\u00e9 publi\u00e9e dans un ouvrages sur le sport f\u00e9minin.<\/p>\n\n\n\n<p>Au final j&rsquo;ai une production assez irr\u00e9guli\u00e8re en fonction de mon temps libre de mes inspirations.<\/p>\n\n\n\n<p>Vous pouvez pour le moment voir mes images sur mon <a href=\"https:\/\/www.flickr.com\/photos\/sclement\/\" target=\"_blank\" rel=\"noreferrer noopener\">Flickr<\/a> ou sur ma page facebook <a href=\"https:\/\/www.facebook.com\/sylvain.clement.photographies\/\" target=\"_blank\" rel=\"noreferrer noopener\">Sylvain Cl\u00e9ment Photographies.<\/a>\u00a0Il m&rsquo;arrive aussi rarement de poster quelques images sur <a href=\"https:\/\/www.instagram.com\/wphantomfr\/\" target=\"_blank\" rel=\"noreferrer noopener\">instagram<\/a><\/p>\n\n\n\n<p><\/p>\n\n\n\n<h2 class=\"wp-block-heading\">Parlons matos&#8230;<\/h2>\n\n\n\n<p>Mon mat\u00e9riel de prise de vue \u00e0 \u00e9volu\u00e9 au fil du temps :\u00a0<\/p>\n\n\n\n<ul><li>1er r\u00e9flex num\u00e9rique : Canon EOS 450D rapidement \u00e9quip\u00e9 d&rsquo;objectifs qualitatifs souvent acquis d&rsquo;occasion (Tamron 28-75f2.8, Canon 50mm f1.8, Canon 70-200\/F4 L, Sigma 10-21&#8230;)<\/li><li>Suite \u00e0 une belle occasion sur ebay, passage \u00e0 un Canon 1D Mark III. Boitier robuste et lourd mais au top pour l&rsquo;acc\u00e8s \u00e0 la photographie sportive comme pour la photo de Rink-Hockey<\/li><li>Remise en question totale en 2013 : Je revends tout mon lourd matos canon (au final j&rsquo;ai tr\u00e8s peu perdu car j&rsquo;ai revendu une partie du mat\u00e9riel plus cher que ce que je l&rsquo;avais achet\u00e9) pour un boitier Hybride Fuji X-E1 et 3 objectifs (18-55 F2.8-4 ; 55-200 f3.5-4.8 ; 35mm F1.4) qui seront rapidement compl\u00e9t\u00e9s par un boitier \u00e0 objectif fixe : Fuji X-100. C&rsquo;est avec ce mat\u00e9riel th\u00e9oriquement inadapt\u00e9 \u00e0 la photo sportive que j&rsquo;ai r\u00e9alis\u00e9 tous mes clich\u00e9s lors du <a href=\"https:\/\/www.facebook.com\/MondialTourcoing2014bySC\/\" target=\"_blank\" rel=\"noreferrer noopener\">Mondial F\u00e9minin de Rink-Hockey 2014 <\/a>(\u00e0 Tourcoing)<\/li><li>Aujourd&rsquo;hui peu d&rsquo;\u00e9volution sur mon mat\u00e9riel si ce n&rsquo;est que le X-E1 a laiss\u00e9 place \u00e0 un X-T10 qui me satisfait pleinement \u00e0 ce jour.<\/li><\/ul>\n\n\n\n<p><\/p>\n\n\n\n<p><\/p>\n","protected":false},"excerpt":{"rendered":"<p>Ma passion pour la photographie remonte \u00e0 l&rsquo;adolescence. Achat d&rsquo;un Pentax P30-T, d\u00e9veloppement N&amp;B dans ma chambre d&rsquo;ados, stage de perfectionnement BAFA en photographie qui a \u00e9t\u00e9 une semaine d&rsquo;exp\u00e9rience et de cr\u00e9ation photo sans limite 24h\/24.\u00a0 Apr\u00e8s une longue&#8230; <a class=\"more-link\" href=\"https:\/\/sylvainclement.fr\/?page_id=90\">Continue Reading &rarr;<\/a><\/p>\n","protected":false},"author":1,"featured_media":0,"parent":0,"menu_order":0,"comment_status":"closed","ping_status":"closed","template":"","meta":[],"_links":{"self":[{"href":"https:\/\/sylvainclement.fr\/index.php?rest_route=\/wp\/v2\/pages\/90"}],"collection":[{"href":"https:\/\/sylvainclement.fr\/index.php?rest_route=\/wp\/v2\/pages"}],"about":[{"href":"https:\/\/sylvainclement.fr\/index.php?rest_route=\/wp\/v2\/types\/page"}],"author":[{"embeddable":true,"href":"https:\/\/sylvainclement.fr\/index.php?rest_route=\/wp\/v2\/users\/1"}],"replies":[{"embeddable":true,"href":"https:\/\/sylvainclement.fr\/index.php?rest_route=%2Fwp%2Fv2%2Fcomments&post=90"}],"version-history":[{"count":9,"href":"https:\/\/sylvainclement.fr\/index.php?rest_route=\/wp\/v2\/pages\/90\/revisions"}],"predecessor-version":[{"id":204,"href":"https:\/\/sylvainclement.fr\/index.php?rest_route=\/wp\/v2\/pages\/90\/revisions\/204"}],"wp:attachment":[{"href":"https:\/\/sylvainclement.fr\/index.php?rest_route=%2Fwp%2Fv2%2Fmedia&parent=90"}],"curies":[{"name":"wp","href":"https:\/\/api.w.org\/{rel}","templated":true}]}}